{"id":460,"date":"2024-11-11T19:22:24","date_gmt":"2024-11-11T19:22:24","guid":{"rendered":"https:\/\/ensemblequarz.ch\/?page_id=460"},"modified":"2024-11-11T20:07:52","modified_gmt":"2024-11-11T20:07:52","slug":"andrea-kuettel","status":"publish","type":"page","link":"https:\/\/ensemblequarz.ch\/index.php\/andrea-kuettel\/","title":{"rendered":"Andrea K\u00fcttel"},"content":{"rendered":"\t\t<div data-elementor-type=\"wp-page\" data-elementor-id=\"460\" class=\"elementor elementor-460\" data-elementor-post-type=\"page\">\n\t\t\t\t<div class=\"elementor-element elementor-element-83e341e e-flex e-con-boxed e-con e-parent\" data-id=\"83e341e\" data-element_type=\"container\" data-settings=\"{&quot;background_background&quot;:&quot;classic&quot;}\">\n\t\t\t\t\t<div class=\"e-con-inner\">\n\t\t\t\t<div class=\"elementor-element elementor-element-90bd1cd elementor-widget elementor-widget-spacer\" data-id=\"90bd1cd\" data-element_type=\"widget\" data-widget_type=\"spacer.default\">\n\t\t\t\t<div class=\"elementor-widget-container\">\n\t\t\t\t\t\t\t<div class=\"elementor-spacer\">\n\t\t\t<div class=\"elementor-spacer-inner\"><\/div>\n\t\t<\/div>\n\t\t\t\t\t\t<\/div>\n\t\t\t\t<\/div>\n\t\t\t\t\t<\/div>\n\t\t\t\t<\/div>\n\t\t<div class=\"elementor-element elementor-element-79bd585 e-flex e-con-boxed e-con e-parent\" data-id=\"79bd585\" data-element_type=\"container\" data-settings=\"{&quot;background_background&quot;:&quot;classic&quot;}\">\n\t\t\t\t\t<div class=\"e-con-inner\">\n\t\t<div class=\"elementor-element elementor-element-dc156e8 e-con-full e-flex e-con e-child\" data-id=\"dc156e8\" data-element_type=\"container\">\n\t\t\t\t<div class=\"elementor-element elementor-element-7118e0f elementor-widget elementor-widget-heading\" data-id=\"7118e0f\" data-element_type=\"widget\" data-widget_type=\"heading.default\">\n\t\t\t\t<div class=\"elementor-widget-container\">\n\t\t\t\t\t<h2 class=\"elementor-heading-title elementor-size-default\">Andrea K\u00fcttel<\/h2>\t\t\t\t<\/div>\n\t\t\t\t<\/div>\n\t\t\t\t<div class=\"elementor-element elementor-element-09f4d85 elementor-widget elementor-widget-text-editor\" data-id=\"09f4d85\" data-element_type=\"widget\" data-widget_type=\"text-editor.default\">\n\t\t\t\t<div class=\"elementor-widget-container\">\n\t\t\t\t\t\t\t\t\t<p>Andrea K\u00fcttel wurde *1997 in Schwyz geboren und wuchs in einer musikalischen Familie auf. Ihr musikalisches \u00abSchlu\u0308sselerlebnis\u00bb fand jedoch anl\u00e4sslich der Abschlussarbeit an der Berufsschule in Chur statt. Sie wa\u0308hlte das Thema Jodeln aus. Bei der Pr\u00e4sentation sang Andrea ein Jodellied mit dem Trio K\u00fcttel und war \u00fcberrascht von den starken Emotionen, die der Jodelvortrag bei ihren Mitsch\u00fclern ausl\u00f6ste. Von diesem Moment an war klar: Musik soll eine zentrale Rolle in ihrem Leben einnehmen.<\/p><p>Im Jahr 2019 begann sie ihr Jodel\/Jazz-Studium an der Hochschule Luzern bei Nadja R\u00e4ss. Im Herbst 2020 nahm sie eine neue Herausforderung als Jodellehrerin an und unterrichtete an verschiedenen Schulen und Musikschulen. Seit Januar 2022 unterrichtet sie auch bei &#8222;jodel.ch&#8220; in Einsiedeln, einer von Nadja R\u00e4ss gegr\u00fcndeten Jodelschule. Dar\u00fcber hinaus leitet sie Workshops in Kleingruppen und Ch\u00f6ren f\u00fcr verschiedene Anl\u00e4sse.<\/p><p>Andreas musikalische Aktivit\u00e4ten sind vielf\u00e4ltig. Sie singt seit 2010 mit ihrer Mutter und ihrem Bruder im \u00abTrio K\u00fcttel\u00bb. Seit Studienbeginn 2019 singt sie auch im Volksmusikensemble \u00abAlpinis\u00bb der Hochschule Luzern. Seit Januar 2021 ist sie Teil eines Gesangsquartetts \u00abStimmreise\u00bb mit Nadja R\u00e4ss, Vera Baumann und Elian Zeitel Frei. Im selben Jahr gr\u00fcndete sie die Formation \u00abQuarz\u00bb mit Florian Gass, Augustin Martz und Emanuel Krucker. Seit Juli 2022 ist sie auch Mitglied der Popband \u00abNoxx\u00bb.<\/p><p>Andrea genie\u00dft es, in verschiedenen Formationen und Projekten zu singen und sich dabei v\u00f6llig frei entfalten zu k\u00f6nnen. Die Verbindung von Jazz und Jodel fasziniert sie, aber auch die traditionellen Kl\u00e4nge des schweizer Naturjodels ber\u00fchren sie tief.<\/p>\t\t\t\t\t\t\t\t<\/div>\n\t\t\t\t<\/div>\n\t\t\t\t<div class=\"elementor-element elementor-element-7fa1d71 elementor-widget elementor-widget-button\" data-id=\"7fa1d71\" data-element_type=\"widget\" data-widget_type=\"button.default\">\n\t\t\t\t<div class=\"elementor-widget-container\">\n\t\t\t\t\t\t\t\t\t<div class=\"elementor-button-wrapper\">\n\t\t\t\t\t<a class=\"elementor-button elementor-button-link elementor-size-sm\" href=\"https:\/\/ensemblequarz.ch\/index.php\/ueber-uns\/\">\n\t\t\t\t\t\t<span class=\"elementor-button-content-wrapper\">\n\t\t\t\t\t\t\t\t\t<span class=\"elementor-button-text\">zur\u00fcck<\/span>\n\t\t\t\t\t<\/span>\n\t\t\t\t\t<\/a>\n\t\t\t\t<\/div>\n\t\t\t\t\t\t\t\t<\/div>\n\t\t\t\t<\/div>\n\t\t\t\t<\/div>\n\t\t<div class=\"elementor-element elementor-element-65fdb38 e-con-full e-flex e-con e-child\" data-id=\"65fdb38\" data-element_type=\"container\">\n\t\t\t\t<div class=\"elementor-element elementor-element-e7f14a4 elementor-widget elementor-widget-image\" data-id=\"e7f14a4\" data-element_type=\"widget\" data-widget_type=\"image.default\">\n\t\t\t\t<div class=\"elementor-widget-container\">\n\t\t\t\t\t\t\t\t\t\t\t\t\t\t\t<img fetchpriority=\"high\" decoding=\"async\" width=\"742\" height=\"1024\" src=\"https:\/\/ensemblequarz.ch\/wp-content\/uploads\/2024\/11\/Andrea_Kuettel-742x1024.jpg\" class=\"attachment-large size-large wp-image-444\" alt=\"\" srcset=\"https:\/\/ensemblequarz.ch\/wp-content\/uploads\/2024\/11\/Andrea_Kuettel-742x1024.jpg 742w, https:\/\/ensemblequarz.ch\/wp-content\/uploads\/2024\/11\/Andrea_Kuettel-218x300.jpg 218w, https:\/\/ensemblequarz.ch\/wp-content\/uploads\/2024\/11\/Andrea_Kuettel-768x1059.jpg 768w, https:\/\/ensemblequarz.ch\/wp-content\/uploads\/2024\/11\/Andrea_Kuettel-1114x1536.jpg 1114w, https:\/\/ensemblequarz.ch\/wp-content\/uploads\/2024\/11\/Andrea_Kuettel-1485x2048.jpg 1485w, https:\/\/ensemblequarz.ch\/wp-content\/uploads\/2024\/11\/Andrea_Kuettel-scaled.jpg 1856w\" sizes=\"(max-width: 742px) 100vw, 742px\" \/>\t\t\t\t\t\t\t\t\t\t\t\t\t\t\t<\/div>\n\t\t\t\t<\/div>\n\t\t\t\t<\/div>\n\t\t<div class=\"elementor-element elementor-element-07abd77 e-con-full e-flex e-con e-child\" data-id=\"07abd77\" data-element_type=\"container\">\n\t\t\t\t<\/div>\n\t\t<div class=\"elementor-element elementor-element-b05b1ba e-con-full e-flex e-con e-child\" data-id=\"b05b1ba\" data-element_type=\"container\">\n\t\t\t\t<\/div>\n\t\t\t\t\t<\/div>\n\t\t\t\t<\/div>\n\t\t\t\t<\/div>\n\t\t","protected":false},"excerpt":{"rendered":"<p>Andrea K\u00fcttel Andrea K\u00fcttel wurde *1997 in Schwyz geboren und wuchs in einer musikalischen Familie auf. Ihr musikalisches \u00abSchlu\u0308sselerlebnis\u00bb fand jedoch anl\u00e4sslich der Abschlussarbeit an der Berufsschule in Chur statt. Sie wa\u0308hlte das Thema Jodeln aus. Bei der Pr\u00e4sentation sang Andrea ein Jodellied mit dem Trio K\u00fcttel und war \u00fcberrascht von den starken Emotionen, die [&hellip;]<\/p>\n","protected":false},"author":1,"featured_media":0,"parent":0,"menu_order":0,"comment_status":"closed","ping_status":"closed","template":"","meta":{"inline_featured_image":false,"footnotes":""},"class_list":["post-460","page","type-page","status-publish","hentry"],"_links":{"self":[{"href":"https:\/\/ensemblequarz.ch\/index.php\/wp-json\/wp\/v2\/pages\/460","targetHints":{"allow":["GET"]}}],"collection":[{"href":"https:\/\/ensemblequarz.ch\/index.php\/wp-json\/wp\/v2\/pages"}],"about":[{"href":"https:\/\/ensemblequarz.ch\/index.php\/wp-json\/wp\/v2\/types\/page"}],"author":[{"embeddable":true,"href":"https:\/\/ensemblequarz.ch\/index.php\/wp-json\/wp\/v2\/users\/1"}],"replies":[{"embeddable":true,"href":"https:\/\/ensemblequarz.ch\/index.php\/wp-json\/wp\/v2\/comments?post=460"}],"version-history":[{"count":13,"href":"https:\/\/ensemblequarz.ch\/index.php\/wp-json\/wp\/v2\/pages\/460\/revisions"}],"predecessor-version":[{"id":535,"href":"https:\/\/ensemblequarz.ch\/index.php\/wp-json\/wp\/v2\/pages\/460\/revisions\/535"}],"wp:attachment":[{"href":"https:\/\/ensemblequarz.ch\/index.php\/wp-json\/wp\/v2\/media?parent=460"}],"curies":[{"name":"wp","href":"https:\/\/api.w.org\/{rel}","templated":true}]}}